l*x, 4*x + 25 - 111 = -2*g. Calculate the greatest common factor of g and 13.
13
Let g(d) = 2*d + 1 + d - 2*d + 10. Let b be g(-9). What is the greatest common divisor of b and 10?
2
Let r = -279 - -321. What is the greatest common factor of r and 406?
14
Let x = 12 - 5. Let q(n) = 2*n + 2. Let y be q(x). What is the highest common factor of y and 128?
16
Let m(a) = -a**2 - 12*a - 23. Let b(z) = -2*z**2 - 24*z - 45. Let j(w) = -3*b(w) + 5*m(w). Let f be j(-14). What is the greatest common divisor of 16 and f?
16
Let z be -93*(-6)/(9 + -3). What is the greatest common divisor of z and 6?
3
Suppose 4*b - 1 + 9 = 2*v, -44 = -4*v + b. Let k(j) = -j**3 + 10*j**2 + 10*j - 97. Let t be k(7). Calculate the highest common divisor of v and t.
12
Let a = 43 - 25. Let o be 2/(-2) + 4 - 1. Calculate the greatest common factor of a and o.
2
Let x(w) = -40*w - 2. Let o be x(-5). Suppose 5*j - 531 = 2*d, -2*j - 6*d + 2*d + o = 0. What is the greatest common factor of 15 and j?
15
Let j(b) = b**2 + 7*b + 11. Suppose q - 14*q = 91. Let d be j(q). Calculate the greatest common factor of 143 and d.
11
Let p = -117 + 177. What is the greatest common divisor of p and 30?
30
Let b = 21 - 39. Let n = 27 + b. Let x be 2/n - 939/(-27). What is the highest common divisor of x and 14?
7
Suppose u - 40 = -4*u. Suppose -2*x = 4*c - 28, 4*c + u - 48 = -3*x. What is the greatest common divisor of x and 24?
12
Suppose -4*p + 36 = -3*p. Let z be 4/1 - 70/(-1 - 4). What is the highest common divisor of z and p?
18
Suppose -5*l = l - 120. Let a = -152 + 372. What is the greatest common divisor of l and a?
20
Let q = 123 + -115. Calculate the highest common divisor of q and 64.
8
Let g(o) = -o + 2. Let a be g(0). Suppose 5*n = -15, 6*n - a*n - 180 = -3*l. What is the greatest common divisor of l and 160?
32
Suppose 59*z = 56*z + 24. Suppose z*v - 152 = 4*v. Calculate the greatest common divisor of 95 and v.
19
Let x(f) = -19*f - 6. Let u be x(-2). Let o be (16/u)/((-1)/(-10)). What is the highest common divisor of o and 10?
5
Suppose 3*c = 5*d - 2 + 12, 8 = -4*d + 4*c. Let l be -128*((-15)/(-6) + -3) - d. What is the greatest common divisor of 165 and l?
33
Let d be (-20)/(-9) + 28/(-126) - -1. Calculate the greatest common divisor of d and 4.
1
Let d = 37 - 274. Let y = 477 + d. Calculate the highest common factor of 60 and y.
60
Let g(t) = -4*t. Let o be g(-1). Suppose 2*s = -j + 2*j + 221, -3*s - o*j = -304. Suppose -5*z + s + 162 = 0. Calculate the highest common divisor of 18 and z.
18
Suppose 0 = -395*o + 414*o - 950. What is the greatest common factor of o and 110?
10
Suppose 0 = -18*r - 49 + 265. Let u be (2 + -5)/(2/(-6)). Let g = u + -6. What is the greatest common factor of g and r?
3
Let a = 606 + -590. What is the highest common factor of a and 1024?
16
Let x be ((-494)/171*3)/(2/(-12)). Calculate the greatest common factor of 442 and x.
26
Let o be 1 + 45/(-9) - -44. Let f = 4 - 2. Suppose 0 = -3*n - f*n + 40. What is the highest common factor of n and o?
8
Let b = -22 + 31. Let y be 2/(-9) - (-47)/b. Calculate the greatest common factor of 20 and y.
5
Let z be (2/3)/((-104)/(-11076)). Calculate the highest common factor of z and 213.
71
Let j(l) = -3*l - 4. Let s be j(2). Let q = s - -13. What is the greatest common divisor of 21 and q?
3
Let b(m) = -m**3 - m**2 + 4*m + 4. Let p be b(-2). Suppose 9*r - 10*r + 216 = p. What is the greatest common divisor of r and 27?
27
Let q be (-15 - 6)*4/(-3). Let r = q - 25. What is the greatest common divisor of r and 3?
3
Suppose 4*i = 12, 2*v + 2*v + 221 = 3*i. Let b = v + 69. What is the highest common divisor of 4 and b?
4
Let s be -5*(23 + (14 - 60)). Let a be (46/4)/((-2)/(-8)). Calculate the highest common divisor of s and a.
23
Let t(p) = 12*p + 5. Let v(a) = -23*a - 12. Let l(j) = 5*t(j) + 3*v(j). Let f be l(-4). Calculate the highest common factor of 225 and f.
25
Let j(t) = -2*t**3 - 16*t**2 - 21*t + 20. Let s be j(-10). Calculate the highest common divisor of 180 and s.
90
Let p be 2/((-5)/(-45)*6). Suppose -p = -x - 2*i + 1, -3*x + 44 = -2*i. What is the highest common divisor of x and 36?
12
Suppose 17*y - 65*y = 392 - 2360. Let x be 124 + 2/(-1 - 1). What is the greatest common factor of y and x?
41
Let w be ((-884)/(-13))/(2/4). Suppose 2*z + 2*y = 68, z + 103 = 3*z - 5*y. Suppose 2*c - z + 5 = 0. Calculate the greatest common divisor of w and c.
17
Let i(l) = -l**2 + l + 11. Let w be i(5). Let a = w - -12. Suppose -a*h + 0*h = -69. What is the highest common divisor of h and 23?
23
Suppose 4*u = 4*g + 84 + 68, 0 = -u - 5*g + 20. Let h = u - 31. What is the highest common factor of 8 and h?
4
Let y be 3/(6/(-2))*-103. Let s = y + -83. What is the greatest common divisor of s and 15?
5
Let x = -1896 + 1903. Let k(t) = -4*t - 1. Let q be k(-2). Calculate the greatest common divisor of q and x.
7
Let u be (-384)/(-40)*20/(-6). Let a = 40 + u. What is the highest common factor of a and 8?
8
Let w(q) = 2*q**2 + 5*q + 4. Let r be w(-2). Suppose 0 = 2*x - 4, x - r = -2*m. Let v be (-8)/(4/(-10) + m). What is the greatest common factor of v and 160?
20
Let k be (-1)/(-3) + (-4)/12. Suppose c = 3*w - 52, -c + k = 1. Suppose -2*u + 6*u = 272. What is the greatest common divisor of u and w?
17
Suppose -2*z + 2*n + 50 = 0, -3*z + 3*n = n - 77. Let y = 19 - z. Let r = 38 + y. What is the highest common factor of 20 and r?
10
Let p be (-3)/(-4) - -5*(-1)/(-4). Suppose -y + t + 0*t + 152 = 0, p*t = 4*y - 612. Let j be 4/(-5)*(-70)/4. Calculate the greatest common factor of j and y.
14
Suppose 4*n + 0*n - 21 = -u, 2*n = -8. Suppose -2*a + 310 + 42 = 0. Let d = a - -157. Calculate the greatest common factor of d and u.
37
Let j be (-14)/(-12) - (35/(-42))/(-5). Let f(d) = -d**3 + 8*d**2 - d + 7. Let q be f(8). Let o be 82/8 + q/4. What is the highest common factor of j and o?
1
Suppose -5*v + b = 3*b - 52, 2*v + 2*b = 16. What is the greatest common divisor of 48 and v?
12
Suppose -5*l - 2*a = -42, -3*l + 0*l - 5*a + 29 = 0. Suppose -886 = -l*y + 394. What is the greatest common divisor of y and 20?
20
Let g(o) = o - 8. Let i be g(6). Let p = -6 - i. Let x(m) = -m**2 - 5*m + 5. Let y be x(p). What is the greatest common divisor of 27 and y?
9
Let t be (4/(-32)*-8)/((-2)/(-380)). Calculate the greatest common factor of 20 and t.
10
Suppose 0 = -a + 9 - 5. Suppose -2*f - 2*p = -p - 8, a*p = f + 14. Suppose 0 = -f*r - 2, -2*x + 5*r + 221 = x. Calculate the highest common factor of 8 and x.
8
Let z(o) = o**2 - 1. Let x be z(-1). Suppose 0*c + c - 105 = x. Suppose -75 = -4*k + 5*g, c = 5*k - 0*k + 5*g. What is the highest common divisor of k and 50?
10
Let l(o) = 4*o**2 - 9*o - 34. Let z be l(-4). What is the highest common factor of 330 and z?
66
Let y(n) = n**3 - 20*n + 15. Let f be y(5). Calculate the greatest common factor of 25 and f.
5
Suppose -3 = 3*n + 3*p, -2*n - 3*p - 11 = 2*p. Suppose -5*m + l + 18 = 0, n*l + 15 = m + 2*m. Let w = m + 4. What is the highest common divisor of w and 14?
7
Let f = -23 - -27. Suppose 0 = 2*u - 5*u - 126. Let v be (12/(-7))/(f/u). What is the greatest common divisor of 3 and v?
3
Let n = 54 + -24. Suppose r - o - 8 = 0, -2*r - 5*o + 0*o + n = 0. Calculate the greatest common divisor of 10 and r.
10
Let d be 116 + 1*10/2. What is the greatest common divisor of d and 99?
11
Suppose -i = -n + 8, -i = -3*n + 9 + 7. Suppose -n*q - 116 = -3*w, -2*w = -5*w + 5*q + 121. What is the highest common factor of w and 112?
16
Let q(l) = -l**3 + 20*l**2 + 3*l + 19. Let g be q(20). Suppose -g*t = -76*t - 96. What is the highest common factor of 224 and t?
32
Let y = 165 - 127. Calculate the highest common factor of y and 247.
19
Suppose -29*g = -16*g - 52. Let x be (1/2)/((-1)/(-10)). Suppose 0 = -g*h + 5*h, 595 = x*f + 3*h. What is the greatest common divisor of 17 and f?
17
Suppose r = 4*c - 380, -50*r - 4 = -49*r. Calculate the highest common divisor of 2 and c.
2
Let h(i) = 14*i + 48. Let p be h(13). Calculate the greatest common factor of 368 and p.
46
Let a be (-1)/((-273)/272 + 1). Let v(g) = -g - 1. Let z(r) = r + 21. Let t(c) = 3*v(c) + z(c). Let w be t(-8). What is the highest common factor of a and w?
34
Let t = 525 + -399. What is the highest common divisor of t and 90?
18
Suppose -565*x + 586